49 = -0*j + 2*j, -3*j = 5*l - 2351. Let d = l + -379. Calculate the highest common factor of v and d.
18
Suppose -1945 = -12*u + 17*u. Let k = -376 - u. What is the highest common divisor of 221 and k?
13
Let i(j) be the third derivative of j**4/12 - 9*j**3/2 + 20*j**2. Let z be i(12). Let b be -3 + (-29)/(3/z). What is the highest common divisor of 13 and b?
13
Suppose 8 + 4 = j. Suppose -41*h + 14 = -39*h, -l - 8*h = -332. Calculate the greatest common factor of j and l.
12
Suppose v + 4*v = -2*s + 112, -16 = 4*v. Suppose 239*x + 1 = 240*x. Let p be s/77*x*7. What is the greatest common divisor of 18 and p?
6
Suppose 0 = -z - 2*n + 4*n + 38, n = -2*z + 81. Let d be (-20)/(-16) + 6/8. Let a be (-9)/(-3)*-16*d/(-6). What is the highest common factor of z and a?
8
Let a = -22149 + 22319. Calculate the highest common factor of 918 and a.
34
Suppose -u + 277 = -l + 6*l, 0 = -3*l + 3*u + 159. Let y be 1622/(-9) - 2/(-9). Let d = y + 290. What is the greatest common factor of d and l?
55
Let t = 6495 + -6457. What is the highest common factor of 3173 and t?
19
Let x = 11 + -5. Let n(g) = -3*g**2 - 5*g + 1. Let k be n(2). Let v be ((-120)/(-21))/(-4)*k. Calculate the highest common divisor of v and x.
6
Let h = -2119 - -3667. Calculate the greatest common divisor of h and 180.
36
Suppose 2*w + 4*q = 1070, 5*w + 4*q + q = 2650. Calculate the greatest common factor of 840 and w.
105
Suppose n = -3*a + 52, -186*a + 181*a + 350 = 5*n. What is the highest common factor of 44635 and n?
79
Let b(k) = k**3 - 11*k**2 + 7*k + 32. Let p be b(10). Let z be p*294 - (3 - -2). Calculate the highest common divisor of z and 11.
11
Let a = 157 + -76. Let d be 9/24 - (-559584)/(-256)*1/(-3). What is the highest common divisor of a and d?
81
Let k(g) = g**2 + 39*g + 166. Let i be k(-5). Let m be (-6252)/(-72) + i/(-24). What is the highest common factor of m and 3?
3
Suppose 5*o + 189 = -3*y, 3*o + 5*y - 12 + 119 = 0. Let n = 136 - o. What is the highest common divisor of n and 25?
25
Let g = 8 + -5. Suppose -g*s + 42 + 0 = 0. Let d = -3757 - -3759. What is the greatest common factor of s and d?
2
Let f(a) = -2*a**3 - 3*a**2 - 2*a - 1. Let y = -8 + 6. Let o be f(y). Let q be (o/(-1))/((-7)/140). Calculate the greatest common factor of q and 14.
14
Let u(i) = 2*i**2 - 149*i - 238. Let t be u(79). Calculate the greatest common divisor of 33 and t.
11
Let t(h) = 4*h**2 - 69*h + 62. Let d be t(-38). Suppose 34*z = d - 1558. Calculate the highest common divisor of 7 and z.
7
Let j(q) = -5*q + 127. Let n be j(24). Suppose 4*k + 4*b = 220, 6*b - b = 2*k - 117. Calculate the highest common factor of n and k.
7
Suppose 68*q - 295 = 317. What is the greatest common factor of 909 and q?
9
Let m(c) = 3*c - 1. Let h be m(4). Suppose -4*t = -45 - h. Let z = -1168 + 1294. What is the greatest common divisor of z and t?
14
Suppose 21*v = -125*v + 22338. Calculate the greatest common factor of v and 63.
9
Let d = 1112 + -452. What is the highest common factor of 3900 and d?
60
Let w = 898 + -508. Suppose 2*p = -2*d + 30, -d + 2*p + p = -7. What is the highest common divisor of w and d?
13
Let f = 4587 + -4556. What is the greatest common divisor of f and 2914?
31
Let v = 7109 + -7049. Calculate the greatest common factor of v and 2320.
20
Suppose -12*v - 3*v + 450 = 0. Let z be ((-15)/v)/((-1)/54). Suppose -2*a + 4 = 0, -a = 5*d - 34 + 2. Calculate the greatest common divisor of d and z.
3
Suppose 8*z - 194 = 174. Suppose -2*u = 3*r - 211 + z, -5*u = 0. What is the highest common factor of 5 and r?
5
Let y(f) = -f**2 + f - 1. Let i(c) = -3*c**3 + 57*c**2 + 21*c + 46. Let v(n) = i(n) - 2*y(n). Let z be v(20). What is the greatest common divisor of 56 and z?
28
Let x be (-1 + 7)*(-20)/(-8). Suppose x*z - 584 - 16 = 0. Let t = 40 - 35. What is the highest common factor of t and z?
5
Let b = -216 + 311. Let w = 75 - b. Let n be (6/(-4)*2)/(-1) - w. Calculate the highest common divisor of n and 161.
23
Suppose -8*h + 12*h - 60876 = -8*h. What is the greatest common divisor of 114 and h?
57
Let c be 4/8*0/(-3)*-1. Suppose 2*f + 22 = x - 2*x, c = -x - 3*f - 19. Let j = x - -30. Calculate the greatest common factor of j and 8.
2
Let b be ((-4)/6)/(12/(-3366)). Let a be (-209)/(-6) + 115/(-138). Calculate the greatest common factor of a and b.
17
Let o(y) = 2*y + 8. Let s be o(-1). Let j(n) = -n + 18. Let w be j(12). Let u be w/(5*1/5). What is the highest common factor of s and u?
6
Suppose -4*j = -31 - 41. Let q = 135 - 131. Suppose 2*x = -q*r + 46, 4*x - 29 = -r - 0*x. What is the highest common factor of j and r?
9
Suppose 2*q - 16 = 4*i, 3*i = q - 9 - 2. Let a be (-11)/33 - (-2 - 39/9). What is the highest common factor of a and q?
2
Suppose 128*p - 56980 = 34*p - 54*p. Calculate the greatest common divisor of p and 2100.
35
Let d(n) = n + 16. Let a be d(-7). Suppose -455 = -3*q - 125. Let g = q - 74. What is the highest common divisor of a and g?
9
Suppose 0 = -n - 114*j + 115*j + 102, 3*j - 184 = -2*n. Let q = 17 + -26. Let z be (-124)/q - (-4)/18. What is the highest common divisor of n and z?
14
Suppose 2*v - 2 = -2*k, 4*v - 3 = 2*k - 11. Suppose k*r = r + 130. What is the greatest common factor of 104 and r?
26
Let w be (-4 - (-85)/20) + 88998/104. What is the highest common divisor of 1070 and w?
214
Let z be (-9)/(-24)*2 - 462/(-88). Suppose 0 = 3*n, -3*n = -v - z*n + 39. Suppose -6*y + 2*y = -52. What is the greatest common factor of v and y?
13
Suppose 3*v - 108 = -c + 68, c - 5*v = 176. Let s be (-4)/50*(-50050)/182. What is the highest common divisor of s and c?
22
Let a(q) = -q**3 + 19*q**2 + 12*q + 17. Let v be a(12). What is the highest common factor of v and 28?
7
Let g = -57 - -73. Suppose g*o - 900 = 7*o. Let k be 30*(-3 - 69/(-18)). What is the highest common divisor of k and o?
25
Let d be 1*6101/2 + ((-372)/8 - -46). What is the highest common divisor of d and 50?
50
Suppose 2910 = 3*q - 28*w + 23*w, 9738 = 10*q - 4*w. Calculate the greatest common factor of 1350 and q.
75
Let b(s) = -s**3 - s**2 - 3*s - 1. Let n be b(5). Let x = 190 + n. Calculate the greatest common divisor of x and 6.
6
Let m(p) = -6*p + 3*p - p + p + 13. Let c be m(3). Suppose -c*g + 38 = -14. Calculate the greatest common factor of g and 117.
13
Let h be (-2)/(-5)*-2*-420. Suppose -3*n - h = -2*y, 179 + 141 = 2*y + n. Calculate the greatest common divisor of y and 36.
18
Let y be 709464/9102 - (-2)/37. Calculate the greatest common divisor of y and 50.
2
Let z = 194896 + -194875. Let i(l) = 55*l**2 - 7*l - 5. Let d be i(-4). What is the highest common divisor of z and d?
21
Let q(m) = -15*m + 131. Let r be q(7). Suppose 0 = -r*a - 22 + 438. Calculate the greatest common divisor of 592 and a.
16
Suppose 0 = -3*m + 3, -5*z + 4076 = -3*m + 1249. Let o = z - 546. Calculate the highest common factor of o and 140.
20
Let o = 607 - 553. Let q be 31/((-279)/o) + -1 + 22. What is the greatest common factor of 30 and q?
15
Let i = -150 + 161. Suppose 0 = -i*h + 8*h + 1344. What is the greatest common factor of 28 and h?
28
Let b(f) = 6*f - 47. Let a be b(8). Let p = -262 + 466. Suppose p = 6*j + 6*j. What is the highest common divisor of j and a?
1
Let o(z) = -z + 14. Let h be 8/28 + 4/(-14). Let v be o(h). Let f = 5422 - 5296. What is the greatest common divisor of v and f?
14
Let d = -624 + 734. Suppose -q - 109 = -4*k, -2*q - d = -5*k - 6*q. Calculate the greatest common factor of 442 and k.
26
Let f = 1117 - -137. What is the greatest common divisor of 9 and f?
3
Let d(w) = 2*w**2 - 5*w + 26. Suppose 0 = 2*b - u - 2, 10 = 2*b + u - 0*u. Let y be d(b). What is the highest common factor of y and 174?
29
Suppose -1640 = -25*a - 240. Let v = -302 + 470. What is the highest common factor of a and v?
56
Let q(z) = -z + 40. Let a be q(40). Suppose a*h = 5*h - 20, h - 121 = -w. Calculate the highest common divisor of w and 13.
13
Suppose 190*j - 195*j + 75 = 5*m, -15 = -3*m. Calculate the highest common divisor of 2120 and j.
10
Let c be 2 + -2 - (1 + -1 + -4). Suppose 4*w - 9 = u, c*u + w = -2*w + 40. Let n = u - -43. What is the highest common divisor of 10 and n?
10
Let w be (-1 + -1)/(16/(-24))*40. Suppose 3*i - 24 + 132 = 0. Let r be (i/(-10))/((-24)/(-320)). What is the highest common divisor of w and